 -10).
4
Evaluate -16 - (-15 + -5 + 13).
-9
-47 + (-8 - 24) + 57
-22
Calculate -2 - -2 - 1 - -5.
4
What is the value of -11 - ((12 - 4) + -5)?
-14
Calculate 1 - 12 - (-6 + -4).
-1
-9 + 6 + -1 - (-4 + 20) - -4
-16
(-308 + 310 - (1 - -21)) + -3
-23
Calculate (12 - -5 - 12) + -7.
-2
Evaluate 7 + (5 + -4 - 0) + -10.
-2
Evaluate 57 + -66 - (-4 + 10 + 2 - 6).
-11
Calculate -28 + 33 + (8 + -5 - (2 - -3)).
3
-64 + 73 - ((24 - 0) + 0)
-15
Calculate -1 + 9 + -3 - -3.
8
What is -7 + -4 + 19 + (-13 - 4)?
-9
What is the value of 21 - ((-2 - -6) + 13)?
4
What is the value of 1 + (6 - 12) - -11?
6
What is 20 + -7 + 0 + -1?
12
-16 - ((8 - 13) + 6)
-17
What is 6 + (12 - (9 + 7))?
2
Evaluate -18 + (-4 - 10 - -3) + 10.
-19
What is (-2 - 4 - (5 + -19 - -2)) + -7?
-1
What is the value of 6 + -21 - (-1 - 21) - (9 + -1)?
-1
3 + -3 + 2 + 4 + 1 - 17
-10
What is the value of -19 + 29 - (-4 - -1)?
13
-56 + 47 - -45 - 46
-10
What is -2 - -6 - (6 - 12) - (-1 + -1)?
12
What is -9 + (23 + -15 - (2 + -1))?
-2
Evaluate -4 + (-2 - -2) + 23 + -32.
-13
Calculate 2 + -3 + -10 + (4 - (-1 - -11)).
-17
Calculate (4 - 7 - (1 - -2)) + -2 + 17.
9
Evaluate 0 - (15 + (6 - 15)).
-6
What is -1 + 5 + -2 + 5 + (21 - 11)?
17
Calculate (-2 - -5 - 9) + (-7 - -30 - 23).
-6
Calculate (2 - 12) + 7 + -6 - -15.
6
Evaluate 3 + 0 + 4 - (-108 - -111).
4
What is -2 + 2 - (16 + -22)?
6
What is the value of -15 - ((-301 - -271) + 12 + -1)?
4
What is (-13 - -12 - -3) + -9?
-7
(1 - 13) + (8 - (17 + -7))
-14
What is 4 + 5 + -43 + 30 + (14 - -1)?
11
Calculate -1 + -6 - (67 + (-91 - -10)).
7
Calculate 4 + -7 - (-10 + 22 + -20).
5
What is 25 + (52 - 46) + (-15 - 1)?
15
What is the value of (-6 + -2 - 5) + 1 - -13?
1
What is -1 + 54 + -28 + -44?
-19
Calculate (-19 - 6) + 45 + -20.
0
Evaluate 1 + (35 - 0) - (-32 + -23 + 62).
29
Evaluate -1 + 19 + (14 - 17).
15
Evaluate -5 - (5 - ((6 - -7) + 0)) - -19.
22
What is the value of -7 + 1 + 6 + -2 - (33 - 10)?
-25
4 + 36 + -50 + 46
36
Evaluate 24 - 4 - 13 - (-4 - 3).
14
Calculate -15 + (-5 - (-3 + -5)) + 24.
12
Evaluate (1 + 4 - (124 + -131)) + 1.
13
Calculate -11 - 12 - 11 - -20.
-14
Evaluate 22 - (17 - (-41 - -18)).
-18
Evaluate (22 - 97 - -57) + (0 - 0).
-18
Calculate -7 + -42 + -2 + 23.
-28
What is (3 - (-6 - -9 - 9)) + -5 + -2?
2
What is the value of 10 - (-1 + 2 - 0 - -24 - -3)?
-18
What is -9 - -3 - -24 - 22?
-4
Evaluate (-2 - -1) + 0 - (15 - 16 - -16).
-16
What is -14 + -2 + 0 + 11 + -7 + 0?
-12
What is the value of -8 + 12 + -11 + -3 + 9?
-1
Calculate 12 + (-41 - 7 - (-23 - (1 - 13))).
-25
Calculate -8 + -8 - (-6 - 10).
0
What is 21 + (-4 - (-2 + 0 + 1))?
18
What is the value of 2 - ((-9 - 6 - -11) + (0 - -4))?
2
(13 - -4) + -18 + -14
-15
Evaluate 6 - (0 + 4) - -3 - (8 + 3).
-6
Evaluate (-1 - 2) + 5 + 16 + 21 + -31.
8
1435 - 1467 - (-36 + 1)
3
What is the value of -53 + -28 + 63 + 0?
-18
Evaluate -9 - (-7 - (-9 + 5) - 6).
0
Evaluate -5 + (0 - (7 - (0 - -23))) - -4.
15
What is the value of 8 + 13 + -39 + -9?
-27
Evaluate -5 + (0 - 0 - (-54 - -58)).
-9
Calculate 1 + -22 + (213 - 188).
4
Calculate -5 - (-15 + 1 + 34 + -28) - 16.
-13
What is the value of -1 - (14 + -14 + -5 + 0 + -3)?
7
What is 13 + -3 + (-21 - -10)?
-1
Calculate -17 + 16 - ((-2 - -2) + 47) - -8.
-40
What is -11 + 4 + -13 + 4?
-16
What is 8 + -17 + 12 + -5?
-2
What is the value of 1 + (-2 - (3 + 13 + -9))?
-8
What is 13 + (3 + -7 - -6) - 0?
15
Evaluate (8 + -14 - -13) + 1 - -14.
22
What is the value of -2 - (5 - ((7 - 12) + 5 - -10))?
3
Evaluate (2 - -6) + (32 - 17).
23
What is (17 - 18 - 5) + -1?
-7
-8 - ((1 - -12) + -9 - (1 + 4))
-7
What is (-4 - (23 + -15 + 0)) + -9?
-21
Evaluate (7 - 20) + (19 - -4).
10
(-12 - 24) + 10 + 14
-12
Calculate -21 - (10 - (36 - 21)).
-16
Evaluate -10 + (-4 - (0 - 38 - (56 + -61))).
19
-7 + (6 - 17) + 16
-2
16 + -26 + -37 + 19
-28
What is -16 + -1 + 26 + 0 + 13?
22
Calculate 15 - (20 + -16 - -16).
-5
(-6 - (-9 - -15)) + 9 - 10
-13
What is the value of -13 - -27 - (-3 - -14) - -3?
6
Calculate -8 - (10 - (13 + (33 - 13))).
15
Evaluate (2 - 25) + (-530 - -575).
22
Evaluate -13 + (-35 + 22 - (-28 - -4)).
-2
11 + (-31 - -15) + 5
0
What is the value of (20 - -9 - 34) + 30 + -1?
24
Calculate 1 + -2 - (-9 + (6 - -6)).
-4
Calculate -2 - (((1 - 9) + 15 - 12) + -3).
6
What is the value of -9 - -12 - 2 - 0?
1
Calculate -5 + (11 - -2) - (-1 - (3 + -3)).
9
What is the value of -9 - (-10 - -7 - -6)?
-12
Calculate -739 + 766 - (2 - -3).
22
Evaluate -1 - (16 + -15 - -10).
-12
What is the value of 15 + 1 + -9 - (1 + -3)?
9
Calculate -17 + -27 + (46 - 21).
-19
What is -1 + 5 + (-1 + 8 - 6)?
5
Calculate (2 - (0 + 3) - -20) + (-928 - -920).
11
What is the value of -4 - (7 + -19) - 16?
-8
What is the value of -1 - ((-18 - -31) + -7 + (-2 - -2))?
-7
What is -2 + -2 + -1 + -25 + 22 + 8?
0
Calculate -34 + 2 + 28 - (1 + -11).
6
8 - 3 - (10 - (-2 + 3) - 5)
1
Evaluate 5 + 4 - (-7 + 21).
-5
(16 - 1) + 215 + -212
18
Calculate 4 + (7 - -1 - 5) + -2 + -4.
1
Calculate 39 - (-32 - (-60 + 2)).
13
What is the value of -2 + -9 + -15 + 30?
4
Evaluate 21 + (18 - 20) - (3 - (-6 - -2)).
12
3 - (-30 - -59 - 51)
25
(-8 - ((-20 - (-9 - -7)) + -9)) + -6
13
Calculate (-2 - 25) + 37 + -14.
-4
What is the value of 0 + ((3 - 40) + 38 - (-23 - -1))?
23
Calculate (-8 - -38) + (-8 - 8).
14
Calculate -5 - (-7 + 2) - (4 + -2 + 2).
-4
What is the value of -31 - (-14 + (15 - 25) + 15)?
-22
What is the value of 11 - (17 + 4 - (11 + 2))?
3
(137 - 153) + 0 + 23
7
Calculate 14 + (5 - (-27 - -26)).
20
Calculate -1 + 3 + 0 + 4 + (43 - 45).
4
-14 - (-2 - -3 - (-1 - 1) - 10)
-7
What is 1 + 16 - ((20 - -10) + -25)?
12
What is 43 + (14 - 39) - 9?
9
Evaluate -1 + -16 + (157 - 153).
-13
Calculate 3 + -5 + 3 + 4 + -3 - 10.
-8
What is the value of (-7 - 5) + -8 + 6?
-14
Calculate (2 - 21) + 3 + (-34 - -39).
-11
What is the value of -1 + 10 - (119 + -95)?
-15
-13 - (-24 + 2) - (-2 + 0 + 0)
11
Evaluate 28 - (27 - (28 - 33)).
-4
Calculate (5 + 0 - 5) + (20 - (11 + -7)).
16
What is the value of (1 - -6) + (-8 + 14 - 1)?
12
Calculate -1 - (-1 + -1 - -6 - 0).
-5
Calculate (-3 + -1 - -3 - (-6 - -9)) + -1.
-5
What is -14 - (2 - 14 - -3 - -5) - -4?
-6
-3 + -7 + (-62 - -71)
-1
What is (9 - 15) + -13 + 26?
7
What is -35 + 38 + (-56 - -44)?
-9
What is the value of (2 - 1) + 10 - (-1015 + 1007)?
19
What is (-2 - (-2 - -3) - -6) + -171 + 167?
-1
Evaluate -13 + (1 - (-3 - -1 - -4 - 2)).
-12
Evaluate -227 + 218 - (3 + -2).
-10
-4 - (-26 + 14 + 15)
-7
What is the value of 0 + -27 + (177 - 156)?
-6
What is the value of (-9 - -6) + 1 + 2 + (49 - 43)?
6
-10 + -2 + 13 + -11
-10
Evaluate 17 + -16 + (36 - 25) + (-1 - -2).
13
What is the value of 10 - (38 - -2) - ((-6 - 7) + 5)?
-22
What is (-13 - (-17 - -6)) + 15 - 0?
13
-521 - -531 - (-2 - (-2 - (-1 + 2)))
9
What is -6 - ((-3 - (-6 + -5)) + -26)?
12
-41 - (-10 + (-7 - (-8 - -2)) + -1)
-29
Calculate 16 + (-23 - (16 + -14)).
-9
Calculate 17 + -31 - (-13 - -8).
-9
6 + -12 + 6 + 0 + -14
-14
What is -20 - (-19 - 4 - -6)?
-3
Evaluate (-4 - 1 - 1) + (-10 - (0 - 23)).
7
13 - (8 + (3 - 2))
4
What is the value of 3 + -23 + -15 + 25 - -2?
-8
What is the value of (-7 - 4) + -8 - (-9 - 0)?
-10
Evaluate -2 + (-3 - (-17 - 10)).
22
(5 - (15 - 8)) + -5
-7
What is the value of (-1 - 0 - -6) + (-21 - (-16 - -8))?
-8
Evaluate -23 + 0 - (-304 + 259).
22
-117 + (71 - -36) + (2 - (0 + -1))
-7
Calculate 29 + -12 + (-3 - 3).
11
-4 - -1 - (-170 - -150)
17
What is the value of 9 + -7 - -11 - 24?
-11
Evaluate (-82 - -65) + (44 - 0).
27
What is 57 + (54 + -40 - 38)?
33
What is (1 - 19) + 31 + 28 + -40?
1
Evaluate 46 + (-3 + -37 - -14).
20
-28 - (6 - 15) - -13
-6
Evaluate 19 - (29 + (-21 - -14)).
-3
-1 - ((5 + -7 - -2) + -6 + 4)
1
What is (-22 - -29) + -2 + 0 + 1 + -3?
3
-14 + 26 + -17 - (1 + (0 - -2))
-8
Evaluate -5 - (-5 + (7 - 6)) - -18 - 4.
13
Evaluate (-25 - 2) + 20 + (-3 - -1) + -1.
-10
-21 - (8 - (-5 + 9) - 7)
-18
-22 + -26 + (-12 - -62)
2
Calculate -8 + (30 - (6 - -16)).
0
653 - 666 - (-6 - (-1 + 3))
-5
-34 + (-7 - 8) + 33
-16
What is (-9 - (-10 - (-23 + 28))) + (-4 - -1)?
3
Evaluate (12 - 5) + -3 + 0.
4
Calculate (-22 + 30 - 16) + 4.
-4
Evaluate 13 + (-22 - -14) - (-11 + 8).
8
Evaluate 1 - 2 - (-2 + -14 + 16).
-1
Calculate -14 + (15 + -8 - 8 - -9).
-6
Evaluate -196 - -179 - (-12 - -2) - 0.
-7
What is the value of 1 + 6 - ((